5 = z, -5*w - 4*j + 71 + 39 = 0. What is the units digit of w?
8
Suppose 0 = -57*y + 88455 + 87162. What is the hundreds digit of y?
0
Suppose g = 4*g - 2*g. Suppose -4*n + 32 = -3*r, 3*n - 13 + g = 5*r. Suppose 0 = n*l - 617 + 111. What is the units digit of l?
6
Let c = 48 - 46. Suppose 0 = c*l - l - 7. Suppose 2*b - l*b + 375 = 0. What is the tens digit of b?
7
Let h(s) be the first derivative of 63*s**2/2 - 105*s - 126. What is the hundreds digit of h(22)?
2
Suppose -106*m = -123222 - 158314. What is the hundreds digit of m?
6
Suppose -33 = -17*a + 6*a. Let i(t) = 3*t**3 - t + 8 + 0*t - a. What is the units digit of i(2)?
7
Suppose 2*j - 911 = 132 + 205. What is the units digit of j?
4
Let q be 70 - 2/4*0. Suppose -102*g + 121*g - 12179 = 0. Suppose -2*u - 117 = -o, 0 = -5*o + 3*u + g - q. What is the hundreds digit of o?
1
Let i = 39444 + -22320. What is the tens digit of i?
2
Let c = 56267 - 29257. What is the hundreds digit of c?
0
Let v(i) = 33 + 4*i + 17*i**2 - 56 + 4*i. What is the tens digit of v(5)?
4
Let m be (-11854)/8 - (-1 - 10/(-8)). What is the hundreds digit of (1 - m)/(-21 - -22)?
4
Suppose 3*a + 405 = -2*d, 2*d = -0*a - a - 135. Suppose 3*m + 4*p + 6 = 0, -3*m - 5*p = -5 + 11. What is the tens digit of (a/6 - 2)*m?
4
Let y = 112 - 117. What is the units digit of 34/(-85) + (-10084)/(-10) + y?
3
Let a = 32 + -30. Let r be ((-8)/(-24))/(a/24). Let b(g) = 3*g**2 + 2*g - 4. What is the units digit of b(r)?
2
Let d(z) = -10*z - 112. Let y(g) = 19*g + 224. Let m(a) = -7*d(a) - 3*y(a). What is the tens digit of m(26)?
5
Let f = 11815 - 5051. What is the units digit of f?
4
Suppose 7364*a = 7418*a - 543942. What is the thousands digit of a?
0
Let f be ((-8)/(-6))/((-1)/18*-4). Let x be 87/(-4)*3/f*8. Let l = x + 160. What is the units digit of l?
3
Let i be -5 + (-72)/(-8) - (-1340)/2. Let l = -323 + i. What is the hundreds digit of l?
3
Let b(m) = -3*m + 75. Let o(g) = 3*g - 76. Let q(a) = -4*b(a) - 3*o(a). Let v be q(0). Let h = 158 + v. What is the tens digit of h?
8
Let a(s) = -499*s - 5638. What is the thousands digit of a(-37)?
2
Suppose -12 = 4*a, -6*a = -3*p - a - 246. Let x = p + 361. What is the units digit of x?
4
Let l(v) = -v**3 - 4*v**2 + 6*v. Let i be l(4). Let g = -127 + 122. What is the tens digit of (4 - i/(-10))*g?
3
Let y(k) = -k**3 - 12*k**2 + 10*k + 10. Suppose -8*g = -g + 42. Let n be (13/(-2))/((-3)/g). What is the units digit of y(n)?
9
Let a(t) = t**3 + 17*t**2 + 9*t + 62. Let k = 49 + -62. What is the tens digit of a(k)?
2
Suppose -5*c + 4*n + 234 = 0, -2*c - 9*n + 16*n + 99 = 0. What is the tens digit of c?
4
Let g = 42 - 39. Suppose 0 = -2*f + 3*j + 23, -f + g*f + 5*j + 17 = 0. Suppose 7*w + 15 = f*w, -2*s = -3*w - 121. What is the units digit of s?
3
Let i(j) = j**2 - 14*j - 14. Let z be i(15). Let g(m) = 1493*m**3 + 3*m**2 - m. What is the units digit of g(z)?
5
Suppose -6*q - 2 = -8. Let x be 1*28/(-49)*(-8 + q). Suppose -2*k = 3*m - 119, m + x*k - k - 35 = 0. What is the units digit of m?
1
Let j = 319 + -143. Suppose 17172 = -167*y + j*y. What is the tens digit of y?
0
Let i be ((-2)/6 - 0)*(1080 - 3). Let h = i - -484. What is the hundreds digit of h?
1
What is the tens digit of (-39265)/(15/10 - (12/(-8) - -4))?
6
Let s(d) = -447*d + 216. Let f(n) = -447*n + 216. Let g(y) = -4*f(y) + 5*s(y). What is the hundreds digit of g(-3)?
5
Let b(y) = y**3 - 11*y**2 - 13*y + 21. Let x be b(12). Suppose x*d + 521 - 1286 = 0. Suppose -84*g + d*g - 207 = 0. What is the tens digit of g?
0
Let n be -2 + 12/3 + 4/4. Suppose -2*f = x - n*f - 269, 2*x - 548 = 4*f. What is the tens digit of x?
6
Suppose -33*d + 491789 = 77771. What is the hundreds digit of d?
5
Let w(l) = 105*l + 41. Let j = 203 - 199. What is the tens digit of w(j)?
6
Suppose 3*y + 2*h - 4127 = 6*h, 0 = -3*y - h + 4132. Let i = -898 + y. What is the units digit of i?
9
Let w = 13589 + -12526. What is the units digit of w?
3
What is the hundreds digit of (-111)/888 + 52738/16?
2
Suppose 3*w - a = 566, -w + a = -a - 187. Let l = -104 + w. Let o = 106 - l. What is the tens digit of o?
2
Suppose 60*k - 33467 = -5*z + 62*k, -5*k = 5. What is the thousands digit of z?
6
What is the hundreds digit of ((6264/(-5))/24)/(3/(-670))?
6
What is the tens digit of -11 + 28 + -13 + 7047?
5
What is the tens digit of ((-7)/(-28)*(-32876)/3)/(2/(-12))?
3
Let d(a) be the third derivative of 0 + 0*a + 5/24*a**4 + 7/30*a**5 - 5*a**2 - 8/3*a**3. What is the hundreds digit of d(3)?
1
Let r = -119 + 83. Suppose 0 = 4*a - 2*k + 426, 7*a + 4*k = 8*a + 89. Let n = r - a. What is the units digit of n?
3
What is the thousands digit of 0 - ((-2)/25 - (-4981522)/(-350))?
4
Let r = -3918 + 10295. What is the tens digit of r?
7
Suppose 27*z = -4*m + 32*z + 61534, 2*z = 3*m - 46147. What is the tens digit of m?
8
Let w = 198 + -531. Let l = -190 - w. Suppose -l = -4*v + x, 2*v - 2*x - 49 = 27. What is the tens digit of v?
3
Suppose 3*p + 2*p = 15. Suppose -p*t + 4*t = 269. Suppose 3*b - 5*s - 89 = b, 3*s = -5*b + t. What is the units digit of b?
2
Let s be ((-2)/18)/(52/(-234))*-248786. What is the units digit of 4/(-14) + s/(-133)?
5
What is the hundreds digit of 17/51 + 52926/9?
8
Let p be (-2)/(6 - (-30)/(-6)). What is the hundreds digit of (-115 + 6)/((p + -2)/8)?
2
Suppose 15*q = 20*q + 1950. Let p = 567 + q. What is the hundreds digit of p?
1
Let x(c) = 14 + 36*c**2 - 17 + 11 - 20*c + 18 + 3*c**2. What is the hundreds digit of x(4)?
5
Suppose -p = 8*h - 4*h - 4, 0 = -2*h. What is the tens digit of -8 + 2456/p + 7?
1
Let p(g) = 27*g**2 - 6*g + 6. Let l be p(1). Suppose -2*y = -l - 221. What is the hundreds digit of y?
1
Suppose 4*s - 5*l - 11179 = 0, 3*l + 5429 = 2*s - 160. What is the units digit of s?
6
Suppose -32*b + 114 = -29*b. What is the tens digit of ((-32)/(-10))/(b/6745)?
6
What is the tens digit of (-36)/(-10) + 752477/55?
8
Let y = 2905 - 1990. Suppose y = 126*c - 121*c. What is the hundreds digit of c?
1
Let p(b) = b**3 + 15*b**2 + 16*b - 9. Let v be p(-13). Suppose 0 = -3*s - 4 - 5, t = -3*s - 88. Let f = t + v. What is the tens digit of f?
4
Suppose 3*k + 37 = k + 5*j, -5*k + j = 35. What is the units digit of -1 - 4058/k - 14/(-21)?
6
Suppose 254924 + 396518 = 22*h. What is the units digit of h?
1
Let m = -55850 + 106218. What is the hundreds digit of m?
3
Let j(s) = 67*s + 49. Let k be j(7). Suppose -u + k = u. What is the hundreds digit of u?
2
Let q(v) = -3*v**3 + 32*v**2 - 17*v - 625. What is the units digit of q(-18)?
5
What is the units digit of ((-102)/(-18))/(-17)*27 - -91?
2
Let v = -974 + 3843. What is the units digit of v?
9
Let t be (28/(-3))/((-22)/6237). Suppose 407*q - 413*q + t = 0. What is the tens digit of q?
4
Let k(c) = 46 + c**3 + 8*c**2 + c - 48 + 5*c. Let w be k(-7). Let a = w + 7. What is the tens digit of a?
1
Suppose 0 = 3*j - 4*h - 3, 5*h = -4*j - j + 5. Let w(z) = 2*z - 1 + 0*z + 4*z**2 + 0*z**2 + 138*z**3 - 4*z**2. What is the hundreds digit of w(j)?
1
Suppose 1054*p - 6234875 = 251*p + 4881857. What is the ten thousands digit of p?
1
Let m = -1418 - -16026. What is the ten thousands digit of m?
1
Let c(t) = -636*t + 185. What is the units digit of c(-10)?
5
Let t(g) = -g**3 + 5*g**2 - 2*g + 5. Let b be t(5). Suppose -430 = -3*w - 5*s - 39, 0 = -2*w + 4*s + 224. What is the hundreds digit of (-7 - b)/((-2)/w)?
1
Suppose 80*d = 5*d - 49*d + 1190276. What is the units digit of d?
9
Suppose -4*o - 3*h + 805 = -2038, -h - 3549 = -5*o. Suppose 2600 = 7*x + o. What is the tens digit of x?
7
Let b = -77 + 276. Let o = -196 + b. What is the units digit of o?
3
Let u = 33 + -23. Let k be 4/u*(2191 + -1)/6. Suppose 3*i = -5*t + 444 - 10, i - k = -3*t. What is the hundreds digit of i?
1
Let i = -495 - -7321. What is the thousands digit of i?
6
Suppose f = -15*f. Suppose f = 33*k - 31*k - 292. What is the tens digit of k?
4
Let i = -15515 + 33921. What is the thousands digit of i?
8
Let l be (-21)/(-8) - (-30)/80. What is the tens digit of -2*l/(-3) - 7602/(-14)?
4
Let o(m) = -5*m**3 + 20*m**2 - 2*m + 4. Let h be o(4). What is the units digit of 0*h/(-8) - (-1053 + 1)?
2
Suppose -5*t - 5*v - 1645 = -7*t, -t - 4*v + 816 = 0. Suppose -28*o + 6280 = t. What is the units digit of o?
5
Let h = 35 - 37. Let n be 5*(77/5 + h)/1. What is the tens